32) a composite number?
True
Suppose 0 = -3458*p + 3454*p + 82276. Is p composite?
True
Let o = 42 - 34. Suppose -11*d = -o*d - 15. Suppose -d*q + 1790 = 5*q. Is q a composite number?
False
Let s = 141 - 138. Is s/(2170/2164 - 1) a prime number?
False
Let n be 4 + 15 + -11 + 0 + 54. Let p = -49 + n. Let u = p + 49. Is u composite?
True
Let q(c) = -8*c - 4. Let z be q(-1). Suppose -3*n = -4*y + y - 4641, 0 = -z*y - 16. Is n a prime number?
True
Let p be ((1 + -2)*3)/(42/(-154)). Suppose 0 = -p*j + 6*j + 10. Is (-3010)/(-6) - j/3*1 a composite number?
True
Let c = 44 + -38. Let z(s) = 45*s**2 - 2*s - 9. Let i(f) = 91*f**2 - 4*f - 18. Let b(h) = c*i(h) - 11*z(h). Is b(-6) prime?
False
Let g(x) = 229*x**2 - x + 2. Let z be g(-2). Suppose z = 7*j + j. Let o = j + 232. Is o a composite number?
False
Let n be (790362/76)/((-1)/10). Is -3 + 9 - n/9 a composite number?
True
Let g(q) be the second derivative of q**4/12 - 8*q**3/3 - 9*q**2 - q - 51. Is g(23) a composite number?
True
Suppose -35*b + 31*b + 296 = 0. Let f = -81 + b. Let y(l) = -1324*l - 29. Is y(f) a composite number?
False
Suppose 4*b + 9 = -w + 2*w, 0 = 5*w - 4*b - 29. Suppose 752 = -2*p + 4*h, -w*p - 3*h = -193 + 2073. Let q = p - -785. Is q a composite number?
False
Let s be ((36/(-6))/6)/1. Is (2495/(-20))/(-3*s/(-36)) a prime number?
False
Suppose -9*g = 77 - 32. Is g - (6 - 209) - -7 prime?
False
Let p(s) = -s**3 + 5*s**2 + 17*s + 2. Let q be p(7). Let j(d) = d**3 - 22*d**2 - 23*d + 103. Is j(q) composite?
False
Let m = 15730 + -10060. Suppose -21*s - m = -23*s. Let w = -1268 + s. Is w prime?
True
Let s = -8 - -18. Suppose 2 = -4*g + 3*i + 8, -g - s = 5*i. Suppose -2*p = -g*p - 230. Is p prime?
False
Suppose 4*j - 24*z = -25*z + 258113, 0 = -5*j + 5*z + 322660. Is j a composite number?
True
Let i = -185 - -187. Suppose 4064 = u + d, d + 4*d = i*u - 8163. Is u a prime number?
False
Suppose -5*p - 2*l + 4*l - 10 = 0, 5*l = 0. Is ((-9)/12*p)/(51/181322) a composite number?
False
Let h = 6401802 + -3221917. Is h a composite number?
True
Suppose 2*s - 13396 = -3*r, -r = 2*s - 3*s - 4457. Suppose 2*b = -5*g + 1781, 5*b - 3*g + 6*g = r. Is b a prime number?
False
Let b(x) = 94744*x**2 - 17*x - 22. Is b(-1) a composite number?
True
Let t(v) = -11*v**3 - 2*v**2 + 1. Let j be t(1). Let o be (-15 - j) + (2 - 4) + -1. Is 362 - (5 + o + -2) a composite number?
True
Let r be 4/(-16) + 11642/8. Suppose 3 + 21 = 4*z. Suppose -r = -z*b + b. Is b a prime number?
False
Let v(u) be the first derivative of 5799*u**2/2 - 8*u - 41. Is v(1) a composite number?
False
Let l = 7573 + -7106. Is l a composite number?
False
Suppose -3*f = 221 - 257. Suppose 148585 = f*s - 92627. Is s a prime number?
True
Let j(b) = 9*b - 276. Let r be j(31). Suppose 3*q - 20544 - 5871 = -r*g, 0 = g + 2*q - 8807. Is g composite?
False
Let f(c) = 40*c - 160. Let z(n) = -5*n + 20. Let r(j) = -3*f(j) - 25*z(j). Let d be r(13). Is ((-50)/d)/5 + 22241/9 a prime number?
False
Let z = -7 - -12. Suppose -5*a + 3245 + 150 = 0. Suppose 2708 = 4*t - 4*s + 16, 0 = -t - z*s + a. Is t a prime number?
False
Let n(g) = 132*g + 27. Let b = -26 + 33. Let o be n(b). Suppose -241 = -8*t + o. Is t prime?
True
Let y = -16165 + 321620. Is y prime?
False
Let z = -12 - -17. Is (-4 - -3) + (449 - z) a composite number?
False
Let s be -3 + 18/5 - (-102)/5. Suppose -2*q + 30 = -t, 3*q + 4*t + s = 77. Suppose -12*u + q*u = 5036. Is u a prime number?
True
Let z = 1031 - 2762. Let t = z + 2965. Is t a prime number?
False
Suppose 49*l - 63*l + 6929793 = -4229873. Is l composite?
False
Suppose 2*y - y = -3*r + 3203, -2*r + 3207 = y. Suppose 4*w = f - y, 4*f - 12800 = 3*w - 7*w. Is f prime?
True
Suppose 2*u - 10 = 5*j - 3*j, -5*j = -4*u + 21. Let g(i) = 7*i - 2. Let o be g(2). Is 4473/o + j/(-4) prime?
True
Suppose -5*o - t - 5 = -15, 2*t = 2*o - 4. Suppose -3 = g, 0 = f + g - o*g - 206. Is f prime?
False
Suppose 0 = -11*r + 12*r + 15. Let a be 6/r*(-860)/(-4). Let j = 93 - a. Is j prime?
True
Suppose -115641 = -18*h - 21*h + 269328. Is h prime?
True
Let x = -100 - -140. Let n = x + -31. Suppose -n*l + 1516 = -5*l. Is l composite?
False
Suppose 110 = 10*h + 12*h. Suppose -11*d + 6*d + h*n = -44370, -3*d + 4*n + 26617 = 0. Is d a composite number?
True
Let q = 191 - 182. Suppose -q*y + 21224 = -y. Is y prime?
False
Let y = 50 + -39. Suppose -5 = 2*o - 4*o + m, 5*o = m + y. Suppose 2*r = -o*a - r + 517, -2*r - 6 = 0. Is a prime?
True
Is ((-2)/(-5))/(-1*19/((-654336155)/22)) composite?
False
Let o(c) = c + 7. Let g be o(8). Let z be 20/g - 51/(-9). Suppose z*h + 4461 = 16060. Is h a composite number?
False
Let m = 108 + 156. Suppose -4*a + 735 = -5*x, a + 2*x = m - 77. Let k = a - -356. Is k a composite number?
False
Let b(o) = o**3 + 15*o**2 + 2*o - 9. Let j(w) = -w**3 - 9*w**2 + 23*w + 1. Let m be j(-11). Is b(m) a prime number?
False
Let s = -331 - 447. Let n = 1319 + s. Is n a composite number?
False
Suppose -35*r - 78 = -5*u - 32*r, -2*u + 5*r + 35 = 0. Suppose 87893 + 126112 = u*k. Is k composite?
True
Suppose 0 = -4*g + 5*g, -5*f = 4*g - 545. Suppose 117*q - 172488 = f*q. Is q composite?
True
Is -308 + 304 - (-465834)/(1 - -1) a prime number?
False
Let n(g) = -321*g - 1. Let i(d) = 322*d + 1. Let v(k) = 5*i(k) + 6*n(k). Is v(-2) a composite number?
False
Let s be (-108502)/(-6) - 0 - 458/687. Suppose -14*c - 5385 + s = 0. Is c composite?
False
Let r = 33 - 31. Let y be (-536)/(-12)*6/4. Let u = y - r. Is u composite?
True
Suppose -181 + 651 = 47*k. Is 11858 + 7/(14/k) a prime number?
True
Let r be 104/2 + 4/(-1). Let h = r - 43. Suppose o + u = -3*o + 2633, -4*o = -h*u - 2651. Is o prime?
True
Let k(l) = -l**3 + 48*l**2 - 4*l + 182. Let w be k(48). Is ((-8663)/(-5))/(68/w + 7) a composite number?
False
Suppose -182087 = -2*n + 2*t + 37075, 2*n - 219152 = -3*t. Is n a composite number?
False
Let k be 15/(-6) + 2223/2. Let t = k - 720. Is t a prime number?
True
Suppose -3*t + 3*x = -6351, 10585 = -0*t + 5*t + 3*x. Suppose -t - 599 = 4*c. Is (-1 - 0 - 0)*(c + -4) a composite number?
False
Let s = -4702 - -15336. Let m = 18751 - s. Is m a prime number?
True
Let h(s) = -30*s**3 - 5*s**2 - 7*s + 6. Let z(r) = 30*r**3 + 4*r**2 + 6*r - 6. Let x(w) = -3*h(w) - 4*z(w). Let v be x(4). Let n = -1035 - v. Is n composite?
False
Let u(b) = 11987*b + 3470. Is u(123) prime?
True
Let z(y) = 383*y**2 - 164*y + 107. Is z(-14) composite?
False
Let h(a) = a**2 + 8*a + 6. Let z be h(-7). Let m be (-6 - 270)/(z/(8/6)). Let i = 45 + m. Is i prime?
False
Suppose 5*s = 3*s + 1478. Let i = 162 - s. Let c = i + 1374. Is c composite?
False
Let k = 167 + -90. Is ((k/14)/11)/((-1)/(-398)) prime?
True
Let j = 489902 + -251019. Is j a prime number?
True
Suppose 0 = 3*t + 8*r - 1809841, -28 = -366*r + 370*r. Is t a composite number?
True
Suppose 99*d - 420146 = -5*j + 96*d, -4*j + 336139 = -5*d. Is j composite?
True
Let a(n) be the second derivative of n**4/12 - n**3 + 5*n**2/2 + 8*n. Let s be a(5). Suppose -2*g + 6 = s, 4*y + g - 5885 = -2*g. Is y prime?
False
Is -3 + 279514 + (-5)/25*-35 composite?
True
Let c(j) = -630*j + 445973. Is c(0) prime?
False
Let w be (-14)/(-70) - (-189)/5. Suppose 292 = 42*p - w*p. Let m = p + 45. Is m prime?
False
Suppose -8*o + 314306 = -10072 - 100534. Is o composite?
True
Let a be 3/9*-3*11. Let u be 10/30 + (-1 - (-640)/6). Let r = a + u. Is r prime?
False
Suppose 0 = -0*h + 2*h - 2*f + 8, 0 = h + f + 14. Let p be 1*(4/(-3))/((-6)/h). Is (52/(-3) + -2)/(p/21) prime?
False
Is 299702/8 - (8 - 132/16) prime?
True
Let c = 121 - 121. Is (413 - 16) + (c - 0) a prime number?
True
Suppose -15*m + 1178063 = -1320892. Is m a prime number?
True
Let l(i) = 549069*i**3 + 4*i**2 - 2. Is l(1) a composite number?
False
Let v(x) = 25*x**3 - 2*x**2 - 2*x - 37. Let o be v(6). Let i = 1124 + o. Is i composite?
True
Suppose 6*i + 7 - 103 = 0. Suppose -13 = -4*y + t, 2*y - 6*y = -4*t - i. Is (-3)/(-6)*57162/y prime?
False
Suppose -14*c - 117*c - 49*c = -7428060. Is c prime?
False
Is (155520/70 - -5) + 8/28 composite?
True
Let k = 85265 - -15370. Is k/6*1/5*2 a prime number?
True
Suppose 4*o - 1015 = 3*w, o - 1336 = 4*w - 0*o. Let k = 362 + -2088. Let a = w - k. Is a composite?
True
Let l(w) = 103504*w**3 - 6*w**2 + 7*w + 2. Is l(1) a prime number?
False
Suppose -10*c - 12798 